58 - (-80)/5) + 3. Let m(d) = 3*d + 104. Give m(c).
-13
Let t(u) = u + 9. Let f be t(-8). Let q be -2*(-7 + 2 - (-35)/10). Let c(k) = 7 - 8 - k**2 + 11*k**q + 3*k**2 - 2 + 2. Determine c(f).
12
Let k(l) = 32*l + 12 + 34*l - 126*l + 34*l + 25*l. Let f be (-3)/6 + 2/4. Calculate k(f).
12
Let y = -240 - -242. Suppose 2*g - 7 = -n, -2*g + 0*g + 4 = y*n. Let x(w) = w**3 - 4*w**2 - 7*w + 5. Determine x(g).
-5
Let s be ((-14)/77)/((-2)/22). Suppose 25 = -7*x + s*x - n, 3*n = 4*x + 1. Let t(j) = j + 2. What is t(x)?
-2
Let r be (210/(-525) + 8/(-10))/(2/5). Let i(w) = 3*w**2 - 10*w - 18. Determine i(r).
39
Let o(i) = i**3 - i**2 - i - 1. Let g(b) = -5*b**3 - 2*b**2 + b + 6. Let h(p) = g(p) + 3*o(p). What is h(-3)?
18
Let i = 1413 + -740. Suppose 0 = 3*n - 2*k + 7*k - 667, 3*n - i = k. Let a(r) = 446*r**2 - 221*r**2 - n*r**2. What is a(0)?
0
Let m(h) be the second derivative of -h**5/20 - 7*h**4/12 - 3*h**3/2 - 2*h**2 - 1299*h. Let v = -16 + 10. Give m(v).
14
Let f(n) = -16*n**2 - 90*n - 216. Let z(k) = -7*k**2 - 44*k - 106. Let o(h) = -4*f(h) + 9*z(h). Calculate o(38).
-14
Suppose -2 = h + 6*i + 2*i, -3*i + 114 = -3*h. Let n(w) = w**2 + 34*w + 1. Determine n(h).
1
Let l(j) = -j**3 + 30*j**2 - 4*j + 108. Let a be (160/(-15) + 4)*(-18)/4. Let q be l(a). Let s(r) = -r**3 - 11*r**2 + 10*r - 2. Calculate s(q).
22
Let k(n) = -6*n + 15. Suppose 6 = 2*h - 5*q + 3*q, -5*h - q = -15. Let i be k(h). Let d(m) = -m - 4. Calculate d(i).
-1
Let k(r) = -3*r**3 - r**2 - 6*r + 3. Let p(g) = -8*g**3 - 4*g**2 - 18*g + 8. Let a(t) = 7*t + 59. Let l be a(-9). Let u(x) = l*p(x) + 11*k(x). Determine u(6).
1
Let z(j) = -6*j - 154. Let u(l) = 24*l + 639. Let a(g) = -5*u(g) - 21*z(g). Calculate a(-4).
15
Let i(q) be the second derivative of 0 + 2/3*q**3 + 3/20*q**5 + 0*q**4 - 276*q - 3/2*q**2. Determine i(2).
29
Suppose 0 = 3*x - 2*u + 1, -8*u + 3*u = -5*x - 5. Let t(a) = -21*a + 2. Let v(l) = 11*l - 1. Let y(h) = -3*t(h) - 5*v(h). What is y(x)?
7
Let r(n) = 3 + 12 + 1 + 2*n - n. Let h(l) = l + 13. Let q(b) = 5*h(b) - 4*r(b). Let f = 0 + -5. What is q(f)?
-4
Suppose -5*q = 0, -2*q + 24 = 3*u - 21. Let f(n) = -8*n - 3*n + 7 + u*n. Determine f(-7).
-21
Let r(c) = -111 + 417 - 7*c - 4*c - 9. Determine r(28).
-11
Let i(d) = 4*d + 14. Suppose 4*v + 5*q = v + 500, -328 = -2*v - 2*q. Suppose -36*a = 4*a + v. Calculate i(a).
-2
Let l(y) = 17*y**2 - 7*y - 6. Let o be l(-1). Suppose -w + 7*w = -o. Let s be 8 - -16*w/36*3. Let r(d) = -4*d - 1. What is r(s)?
-17
Let w(q) = 5*q + 14. Let m(d) = -d**2 + 27*d - 55. Let s be m(24). Suppose -4*x - s*l = -19*l + 4, 3*l = -2*x - 18. Determine w(x).
-1
Let p(h) = 247*h**2 + h - h - 262*h**2 + 1. Let f = -43 + 43. Let i(v) = v**3 + v**2 - v + 1. Let u be i(f). What is p(u)?
-14
Let q(l) = -2*l**3 - 9*l**2 + 42*l + 15. Let a be q(3). Let i(m) = 7*m - 23. Calculate i(a).
19
Let q(j) be the first derivative of 7*j + 5/2*j**2 - 84 + 2*j**3 + 1/4*j**4. Give q(-5).
7
Let l = -423 + 431. Let s be (4/l - (-24)/(-16))*-8. Let u(p) = 6 + 4*p - p + 4*p - p**2. Calculate u(s).
-2
Let m(k) be the third derivative of -k**4/12 + k**3/3 + 2*k**2. Let p be (8 + 51/(-6))*-2. Let r be 2*(-7)/7*p. Determine m(r).
6
Let z(c) = -14*c - 4. Let g be ((-6)/10)/((-2088)/(-90) - 23). Give z(g).
38
Let w(t) be the second derivative of t**5/20 + 7*t**4/12 + 4*t**3/3 + 3*t**2 - 926*t. What is w(-6)?
-6
Let z be -12 + 20 - (-12)/(-9)*6. Let v(l) be the second derivative of -l**2 + 1/12*l**4 + z + 22*l - l**3. Give v(6).
-2
Let k(t) be the second derivative of -4*t**3/3 + 3*t**2/2 + 5*t. Let z = -20681 - -20677. Determine k(z).
35
Let l(k) = -171373 - 171350 - 2*k**2 - 9*k + 2*k + 342740. What is l(2)?
-5
Let f = -51 - -61. Let b be (-4)/(-6) - (124/6 - f). Let k(y) = -y - 9. Calculate k(b).
1
Let v(m) = 2*m + 3. Let b(l) = 2*l + 4. Let s(r) = -2*b(r) + 3*v(r). Suppose 0 = x - y - y - 388, -4*x - y = -1561. Let i be (2/(-3))/((-52)/x). Calculate s(i).
11
Let d(v) = v - 7. Let m be 1 + 1 + -2 - -7. Let q(l) = l**3 - l**2 - 5*l + 2. Let u be q(3). Suppose -6*x = -m*x + u. Calculate d(x).
-2
Suppose -3*g + 62 + 70 = 0. Suppose 48*q - 224 = g*q. Suppose 34*n - 26*n = q. Let f(t) = t**2 - 8*t + 9. Determine f(n).
2
Suppose -5*j + 32 = 12. Let l(h) = -560 + h**3 + 564 - 6*h**2 - j*h + 2*h**2. Calculate l(5).
9
Let v(c) = -20 - 6*c**2 + c**3 - 20*c + 21*c - 10*c + 22 + 4*c**2. Give v(4).
-2
Suppose 4*v = 3*c + 12, -2*c = 2*v - 4 + 12. Let o(d) = 1 + 0 + d**3 + v. Suppose 17 = -24*k - 16 + 9. What is o(k)?
0
Let r(b) = b - 4. Let c be r(-2). Let s(m) be the third derivative of 0 + 0*m - 10*m**2 - 1/24*m**4 - m**3. Determine s(c).
0
Let k(v) be the third derivative of -v**6/120 - v**5/10 - v**4/4 - v**3/2 + 28*v**2 + 4*v + 10. Determine k(-4).
-11
Let s(f) = 5*f**2 + 7*f + 6. Let h(d) = d**2 + 13*d + 25. Let k be h(-9). Let i(l) = -14*l**2 - 21*l - 18. Let x(m) = k*s(m) - 4*i(m). What is x(-5)?
-4
Let r(c) = -c + 1. Let k(j) = j**3 - 3*j**2 - 13*j + 9. Let g be (3/((-15)/(-4)))/((-1)/(-20)). Suppose 0 = g*z - 22*z + 30. Let w be k(z). What is r(w)?
7
Let a(v) be the third derivative of -v**5/20 + 9*v**4/8 - 10*v**3/3 + 2810*v**2. Calculate a(8).
4
Let u = -13 + 24. Let h(l) = 6 - u - 3*l + 7. What is h(-2)?
8
Suppose -9*b + 4*i + 5 = 0, -9 = -5*b + 2*i + i. Let w(x) be the first derivative of -x**3/3 - 4*x**2 - 4*x - 1. What is w(b)?
11
Suppose 461*w = 481*w - 280. Let k(f) = f**2 - 13*f + 23. Determine k(w).
37
Suppose 0 = -81*r + 19*r + 248. Let g(j) = 5*j - 1 + 0*j**2 - j**2 - 2. Give g(r).
1
Let s(l) = 0 + l + 0*l - 7 + l + 5*l. What is s(6)?
35
Let g(v) = 57*v**3 + 53*v**3 - 165*v**3 + 5 - 5*v**2 + 54*v**3 + 3*v. Let p = -16 - -32. Let j = -20 + p. Give g(j).
-23
Suppose 21 = 5*v + 11. Let q(s) = -13*s + 42*s + 8 - v - 28*s. What is q(-10)?
-4
Suppose -y - 3*w - 2*w = 113, -5*y + 2*w - 673 = 0. Let t = y - -138. Let z(u) = 7*u**2 - 1 - 5*u**2 + 7*u - 3*u**2 - 2*u. Determine z(t).
-1
Suppose 0 = 530*u - 560*u - 30. Let n(l) = 2*l + 1. Calculate n(u).
-1
Suppose -p - 2*r + 12 = -7*r, -26 = -4*p - 2*r. Let g(q) = -189*q + 91*q + 94*q + q**2 - 2 + p. Determine g(2).
1
Let v(s) = -11127*s + 11128*s + 0 + 2. Suppose -4 + 35 = 2*x + 3*z, 2*z = 5*x - 30. Suppose 3*d = x*d. Determine v(d).
2
Let n be ((-1)/2)/(50/(-500)). Let t(b) = 2*b**2 - 10*b + 12. Calculate t(n).
12
Let m(d) = -d**3 + 6*d**2 - 3*d - 6. Let g(k) = -k**3 - 27*k**2 - 25*k + 1. Let c be g(-26). Let t(v) = 24*v + 6. Let x be t(1). Let b = c + x. Determine m(b).
4
Let t be 16/9 + (-17)/(-2295)*30. Let z(p) = -30*p + 19. Give z(t).
-41
Suppose 668 = 852*a - 685*a. Let m(s) be the third derivative of -18*s**2 - 3/8*s**a + 0 - 1/60*s**5 - 1/6*s**3 + 0*s. Give m(-7).
13
Let k(u) = 2*u + 9. Suppose 969 = 3*n - 5*q, 4*n - q = n + 981. Let v = 320 - n. Calculate k(v).
-7
Let r(k) = -2*k**2 - 18*k - 30. Suppose 0 = -4*n - t - 32, t + 80 = n + 98. What is r(n)?
-50
Let u(l) = -8*l + 21. Let t be u(3). Let h(z) be the second derivative of 0 + 1/6*z**3 + 3/2*z**2 - 3*z. Determine h(t).
0
Let u(a) = -a**2 - 17*a - 3. Suppose -21*c - 324 = 6*c - 9*c. Give u(c).
-21
Suppose 5*a - 2*r = -3, -4*a - 4*r = -0*a - 20. Let f(j) = -j - 66 + 132 - 65. Let y(t) = -3*t - 2. Let c(l) = 2*f(l) + y(l). Give c(a).
-5
Let r(j) be the first derivative of -9*j**2/2 - 6*j - 514. Determine r(9).
-87
Let l(u) = 5*u**3 - 3*u**2 - 1 - 5 + 7*u - 6*u**3 - 6*u + 4. Calculate l(-4).
10
Let k(r) = -12*r - 5. Let u(o) = o**3 + 18*o**2 - 12*o - 197. Let h be u(-13). Let n = h + -806. Calculate k(n).
19
Let r(l) be the third derivative of -l**6/120 - l**5/12 + l**4/24 - 2*l**3/3 + l**2 - 44. Determine r(-4).
-24
Let y(v) = v**2 + v + 17. Let o be 7/4 + (-6)/(-24). Suppose 6 = o*w - 6. Suppose -9*a = -5*a + w*a. What is y(a)?
17
Let t(p) = 5 + 18*p + 10*p + 4 - 4 - 29*p + 12. Suppose -2*w + 55 = -w. Suppose 0*k = 5*k - w. Calculate t(k).
6
Let c(w) = 8*w + 2. Let l be 6/(4 + -2 + 0) + -5. Let j(u) = -126*u - 33. Let s(f) = l*j(f) - 33*c(f). Let n = 8 + -10. Determine s(n).
24
Let c(h) = 2*h + 1641623*h**2 + 10 + h**3 - 1641622*h**2 + 0*h**3. What is c(-3)?
-14
Let m(s) = -2*s**3 + 4*s**2 + 2. Let o be 28/20 + (-4)/10*1. Let t(l) = l**3 - l**2 + 2. Let u(w) = o*m(w) + t(w). Give u(3).
4
Let t(o) = -25*o**2 + 1. Let y be 1/((-2)/(-5))*(-65)/((-15275)/(-94)). Determine